n base 16, what is -4 - 1fcb?
-1fcf
In base 4, what is 3 + 11210?
11213
In base 7, what is -3 + 245?
242
In base 15, what is -b9 + 2?
-b7
In base 10, what is -238 - -3?
-235
In base 10, what is -3 - -336?
333
In base 8, what is -5 - 503?
-510
In base 2, what is 10000 + 11?
10011
In base 2, what is -1001000 + -101?
-1001101
In base 3, what is 2 + 1220?
1222
In base 12, what is 442 + -8?
436
In base 10, what is 4 - 40?
-36
In base 3, what is 212011 + -110?
211201
In base 11, what is 236 + 5?
240
In base 5, what is 2 - -1433?
1440
In base 14, what is -4 + a0?
9a
In base 13, what is 0 - 56a?
-56a
In base 13, what is -4 - -32a?
326
In base 15, what is 3 + -15?
-12
In base 8, what is 1 + 147?
150
In base 4, what is 12 + 103?
121
In base 16, what is ea9 + 0?
ea9
In base 13, what is -51c + 4?
-518
In base 6, what is 20 + -21?
-1
In base 2, what is -1011101 + 10111001?
1011100
In base 10, what is -1 - 205?
-206
In base 6, what is 504 - -5?
513
In base 6, what is 4444 + 1?
4445
In base 2, what is 110100 - 0?
110100
In base 7, what is -1 - -4622?
4621
In base 12, what is 3 + -3560?
-3559
In base 5, what is 22 + 10?
32
In base 6, what is -1541 - -1?
-1540
In base 9, what is 113 + -10?
103
In base 7, what is 53 + -10?
43
In base 6, what is 5 - 3355?
-3350
In base 6, what is 122 + 114?
240
In base 16, what is -1 + 7f?
7e
In base 10, what is -195 + -2?
-197
In base 7, what is 5 + -14622?
-14614
In base 4, what is 10 + 212110?
212120
In base 10, what is 1104 - -4?
1108
In base 14, what is -1 + -8?
-9
In base 8, what is -162 + -7?
-171
In base 6, what is 4 + 214?
222
In base 14, what is -33 + 7?
-2a
In base 3, what is 11 - -1001222?
1002010
In base 8, what is 2462 - 24?
2436
In base 2, what is -1000011 + -11?
-1000110
In base 13, what is 658 + 3?
65b
In base 11, what is -1a + -652?
-671
In base 9, what is 442 + 1?
443
In base 10, what is -260 - -61?
-199
In base 10, what is 0 + 518?
518
In base 14, what is 1b6 - 1?
1b5
In base 15, what is 3 + -1a2b?
-1a28
In base 3, what is 1011100 - -1?
1011101
In base 16, what is 142 + -3?
13f
In base 6, what is -502 + -115?
-1021
In base 16, what is 2 - c3?
-c1
In base 12, what is -2 - 7a8?
-7aa
In base 3, what is 220022 + -10?
220012
In base 15, what is -3 - 99?
-9c
In base 14, what is -2 + 81?
7d
In base 4, what is -1 + 320?
313
In base 13, what is -19b + 7?
-194
In base 11, what is -448 + -9?
-456
In base 15, what is -16 + -3?
-19
In base 14, what is 4 - -1c?
22
In base 10, what is 20611 + 5?
20616
In base 2, what is 1101 - -10?
1111
In base 7, what is -1 - 216?
-220
In base 10, what is 1629 - -2?
1631
In base 15, what is 51 + -c0?
-6e
In base 11, what is 20 + 51?
71
In base 7, what is 24 + -3?
21
In base 8, what is -3404 + -3?
-3407
In base 5, what is -43201 + -1?
-43202
In base 10, what is -7 + -129?
-136
In base 4, what is 1203 + 100?
1303
In base 15, what is -4 + -73a?
-73e
In base 16, what is 79 - -5?
7e
In base 16, what is 13b + 2?
13d
In base 13, what is 5 - 43?
-3b
In base 8, what is 112 - -4?
116
In base 2, what is 100010011111 + -101?
100010011010
In base 15, what is -d0 + -1?
-d1
In base 12, what is -4 + -20?
-24
In base 8, what is -747 - -1?
-746
In base 7, what is -26 - 4?
-33
In base 3, what is -102110 - -1022?
-101011
In base 15, what is -a2 + -5?
-a7
In base 14, what is 1 - -b42?
b43
In base 16, what is e0 + -2?
de
In base 10, what is 5 - -2677?
2682
In base 11, what is 4 - -241?
245
In base 16, what is -3 - 68?
-6b
In base 7, what is 5413 + -4?
5406
In base 12, what is 91 + -17?
76
In base 3, what is 11 + -110121?
-110110
In base 6, what is 2541 + -10?
2531
In base 5, what is 22 - 1?
21
In base 9, what is 238 + 0?
238
In base 3, what is -11 - -1101?
1020
In base 4, what is 2311 - -22?
2333
In base 10, what is -2118 + -1?
-2119
In base 11, what is -5 + 1?
-4
In base 14, what is -1 + -37?
-38
In base 13, what is -6989 - -2?
-6987
In base 9, what is -300 + -4?
-304
In base 6, what is 3403 - -5?
3412
In base 11, what is -3 - -a89?
a86
In base 3, what is -2021 + -1001?
-10022
In base 5, what is 1011 + 3?
1014
In base 12, what is 93 + -2?
91
In base 5, what is 3 - 240?
-232
In base 12, what is -539 + -1?
-53a
In base 12, what is -16b + 4?
-167
In base 6, what is -1255 - -4?
-1251
In base 4, what is -321 - -13221?
12300
In base 5, what is 4 - -13431?
13440
In base 5, what is 10 + 3031?
3041
In base 14, what is -5c6 + -5?
-5cb
In base 4, what is -3 + 2?
-1
In base 7, what is -34 + 304?
240
In base 13, what is 1904 + 3?
1907
In base 8, what is -37 + 0?
-37
In base 14, what is 21 - -19?
3a
In base 9, what is 57 + 12?
70
In base 12, what is 5 + -2a?
-25
In base 9, what is 72 - -65?
147
In base 7, what is 43005 + 0?
43005
In base 16, what is -6 - 81?
-87
In base 5, what is -1204 - 22?
-1231
In base 15, what is 18 - 19?
-1
In base 2, what is 1 - 0?
1
In base 8, what is -1 - -76?
75
In base 3, what is 1 - -12021111?
12021112
In base 5, what is 0 + -401?
-401
In base 4, what is -2011 - -10?
-2001
In base 12, what is 27 - -5?
30
In base 16, what is 3 - 25?
-22
In base 16, what is 2 + -12?
-10
In base 11, what is -1 + 20?
1a
In base 9, what is -447 + 3?
-444
In base 16, what is 4 + -26?
-22
In base 6, what is 110 - -34?
144
In base 15, what is -3bc - 1?
-3bd
In base 4, what is 10 - -112?
122
In base 10, what is 2 - -118?
120
In base 6, what is 1555 + 25?
2024
In base 11, what is 25750 + 1?
25751
In base 6, what is -4 + 11003?
10555
In base 4, what is 33 + -212?
-113
In base 5, what is -344 - -13?
-331
In base 10, what is 5 - 42?
-37
In base 9, what is -3 + 83?
80
In base 16, what is 6d + 22?
8f
In base 12, what is -76 - 3?
-79
In base 3, what is -21 + 1101?
1010
In base 13, what is -4 + 28?
24
In base 15, what is 427 + 0?
427
In base 13, what is -5 - -ab?
a6
In base 7, what is 426 - -4?
433
In base 11, what is 12a8 - 1?
12a7
In base 11, what is 24 - 208?
-194
In base 2, what is 1001010111 + 10?
1001011001
In base 4, what is 23 + -230?
-201
In base 10, what is 253 + 31?
284
In base 8, what is 14 - 140?
-124
In base 13, what is -5157 - 4?
-515b
In base 7, what is 641 + 3?
644
In base 14, what is 2 - 23c?
-23a
In base 3, what is 1011122 - 1?
1011121
In base 16, what is -4ec6 - 4?
-4eca
In base 6, what is -124 - 20?
-144
In base 4, what is 102 - 1012?
-310
In base 8, what is -14066 - 2?
-14070
In base 8, what is -4 + 717?
713
In base 9, what is -86 + 5?
-81
In base 13, what is -3 - 67?
-6a
In base 13, what is 543 - 1?
542
In base 9, what is 854 + 1?
855
In base 5, what is 11 - -1120?
1131
In base 5, what is -3 + -1012?
-1020
In base 3, what is 0 + -211112?
-211112
In base 15, what is 28 + 5?
2d
In base 14, what is 5 + 16?
1b
In base 13, what is 0 + b65?
b65
In base 7, what is 4 + -54?
-50
In base 15, what is -81 - 5?
-86
In base 16, what is -1c8 - -4?
-1c4
In base 5, what is 3 + -21100?
-21042
In base 15, what is -8a0 + -3?
-8a3
In base 7, what is 1116 - 0?
1116
In base 15, what is 7 - -25?
2c
In base 15, what is -18d - 4?
-192
In base 3, what is 20000 + 11?
20011
In base 8, what is -4 + -15?
-21
In base 14, what is -3 - 47?
-4a
In base 3, what is -11 - 122000?
-122011
In base 10, what is -11 - -8?
-3
In base 7, what is 10330 - 0?
10330
In base 4, what is -2 - -31310?
31302
In base 14, what is 1cc + -5?
1c7
In base 15, what is 2 - -13?
15
In base 11, what is 4 + 33?
37
In base 16, what is -31 + 9?
-28
In base 4, what is -3 - 113?
-122
In base 7, what is 3 - -54?
60
In base 3, what is 20 - 1020?
-1000
In base 3, what is 2001 + 100?
2101
In base 12, what is -3 + 6a?
67
In base 4, what is 1203 + -10?
1133
In base 11, what is -1228 + 0?
-1228
In base 5, what is -121104 + -4?
-121113
In base 6, what is -1225 - -3?
-1222
In base 12, what is -a - -3?
-7
In base 13, what is 28 + -31?
-6
In base 14, what is 0 - -2?
2
In base 14, what is 68 + d?
77
In base 4, what is 30030 + 10?
30100
In base 11, what is 0 - 19?
-19
In base 6, what is -14 + 22?
4
In base 6, what is -1 + -153?
-154
In base 12, what is -4 - 611?
-615
In base 12, what is -472 - -6?
-468
In base 6, what is 3 - -3503?
3510
In base 11, what is 2279 - 8?
2271
In base 12, what is -5b - 17?
-76
In base 2, what is -1010110 - 100?
-1011010
In base 12, what is 29 + 19?
46
In base 5, what is 112332 + 4?
112341
In base 14, what is -2d + -95?
-c4
In base 15, what is -104 - 0?
-